12111112021
Convert b23f58 (base 16) to base 12.
3ab4248
-11011111010010001010010 (base 2) to base 5
-3333112222
What is -372aa1 (base 13) in base 12?
-537a99
-11100000100000100011000 (base 2) to base 13
-16a7699
-c9d3ad (base 14) to base 2
-11010000100111101001101
a153fc (base 16) to base 8
50251774
Convert 10110101101011010001 (base 2) to base 4.
2311223101
What is 6513516 (base 8) in base 2?
110101001011101001110
d0c627 (base 15) to base 7
150160045
What is 6b241 (base 13) in base 16?
2fd54
Convert 500154 (base 14) to base 10.
2689390
What is -11b884 (base 12) in base 15?
-5ad1d
Convert -1220012021 (base 3) to base 16.
-91c9
Convert 2320 (base 14) to base 10.
6104
Convert -270ca (base 14) to base 7.
-550343
Convert 5d453 (base 14) to base 11.
146837
Convert 35211550 (base 6) to base 13.
2c23b0
What is -21002220110 (base 4) in base 6?
-122444312
-a5993 (base 15) to base 8
-2001750
-4430155 (base 6) to base 7
-1612214
What is 101454321 (base 6) in base 15?
24cdb1
What is -1112323200 (base 5) in base 8?
-11314657
Convert -111133300 (base 4) to base 10.
-88048
Convert -209535 (base 10) to base 8.
-631177
Convert 1103a79 (base 11) to base 13.
52b0b4
What is 115080 (base 10) in base 16?
1c188
Convert -1565064 (base 7) to base 13.
-7820a
d1617 (base 16) to base 14
18478b
What is 23250621 (base 7) in base 3?
10211221112100
What is 4ddc04 (base 15) in base 10?
3742204
What is -15126034 (base 9) in base 16?
-72b24e
31114300 (base 5) to base 11
164095
Convert -1531141 (base 6) to base 12.
-43ab1
Convert -462503 (base 8) to base 6.
-3210455
What is -21220202210001 (base 3) in base 7?
-50523064
What is -435a18 (base 12) in base 2?
-100000100101001110100
What is -1715a6 (base 11) in base 13?
-93b70
What is 227504 (base 10) in base 6?
4513132
-4a007 (base 11) to base 12
-35721
Convert -22221433 (base 5) to base 11.
-123764
What is -1101011100001010001 (base 2) in base 15?
-8a751
2d756 (base 14) to base 15
23b6c
-109e46 (base 16) to base 14
-204c86
Convert -4b2e50 (base 16) to base 8.
-22627120
What is 3a4c9 (base 14) in base 4?
203010201
-69156 (base 10) to base 13
-25629
1012103321 (base 4) to base 7
2306426
What is b142a (base 12) in base 3?
102201002121
2350671 (base 8) to base 7
5320063
-85743 (base 11) to base 5
-12442202
-12232303 (base 5) to base 12
-58230
Convert 3ed00 (base 15) to base 5.
22431200
What is 187082 (base 9) in base 7?
664163
Convert 110222100010 (base 3) to base 13.
8c32b
What is -682332 (base 9) in base 15?
-81092
What is -250974 (base 10) in base 15?
-4e569
What is -101101100100110111111 (base 2) in base 3?
-2210212121120
What is d48b61 (base 16) in base 8?
65105541
What is -2a344 (base 13) in base 16?
-13727
101101122020 (base 3) to base 7
1511313
-5410385 (base 9) to base 15
-3c4522
What is 9286d9 (base 14) in base 6?
253520555
What is 107879 (base 11) in base 13?
60044
2756738 (base 10) to base 13
756a0a
Convert 446b (base 12) to base 2.
1110110010011
What is -15756 (base 15) in base 11?
-47a5a
-33032422 (base 7) to base 16
-2b353d
Convert -1d0141 (base 15) to base 7.
-15023326
-84c3ce (base 16) to base 11
-4a0310a
-14c46a (base 13) to base 7
-4233436
Convert -28750 (base 14) to base 8.
-303602
Convert -10214022 (base 5) to base 7.
-504210
37517 (base 12) to base 9
123841
What is -21584 (base 15) in base 11?
-725aa
-67066a (base 11) to base 9
-2010178
37392c (base 16) to base 10
3619116
What is 3102550 (base 7) in base 5?
43330340
What is 200212302132 (base 4) in base 16?
826c9e
What is 1367ba (base 14) in base 8?
2436540
What is -11179d (base 15) in base 8?
-3067772
13018 (base 12) to base 7
135425
What is 10120111121 (base 3) in base 10?
70351
Convert 1410014310 (base 5) to base 12.
12544b7
Convert -11011101010101000 (base 2) to base 8.
-335250
What is 420323313 (base 5) in base 6?
101024253
Convert -154216 (base 8) to base 3.
-2211001021
4b99 (base 16) to base 9
28483
What is -266220 (base 8) in base 13?
-33631
What is 100100111011000101000 (base 2) in base 6?
41533212
3230401 (base 6) to base 10
159553
Convert -2210 (base 12) to base 7.
-13644
967382 (base 10) to base 4
3230023112
Convert -114051221 (base 6) to base 12.
-879b11
What is 13353503 (base 6) in base 16?
6dfef
What is -369213 (base 11) in base 14?
-112798
What is -348553 (base 9) in base 14?
-565ac
Convert -210b867 (base 13) to base 15.
-d37de5
What is -11200012220 (base 3) in base 6?
-1545553
-125384 (base 12) to base 11
-195001
-440020241 (base 5) to base 7
-21643216
What is -3a1c78 (base 13) in base 8?
-5265645
618e5 (base 16) to base 4
1201203211
-11221212210 (base 3) to base 10
-97599
What is 101010011010001101 (base 2) in base 4?
222122031
What is 66152 (base 8) in base 6?
332254
Convert -80158 (base 15) to base 6.
-12404232
266156 (base 8) to base 15
1c999
21322100032 (base 4) to base 8
11722016
What is -11121112101100 (base 3) in base 9?
-4545340
Convert -1353027 (base 9) to base 15.
-ea4da
What is 1514124030 (base 6) in base 10?
18953586
Convert -908b4 (base 12) to base 14.
-4c6a4
What is 210200100110 (base 3) in base 2?
1101000001011100000
Convert 50215246 (base 7) to base 11.
2389168
Convert 7000460 (base 9) to base 8.
16142421
Convert 6819280 (base 11) to base 14.
182d068
-14512405 (base 7) to base 9
-2535007
What is -1d547 (base 16) in base 10?
-120135
6a04c (base 15) to base 7
2604114
Convert 20132220321 (base 4) to base 14.
41c009
2b34a9 (base 14) to base 7
15545502
Convert 223021013 (base 4) to base 5.
21123321
What is -17426 (base 12) in base 14?
-c286
-52412411 (base 6) to base 3
-2212112020121
What is 88286 (base 10) in base 14?
24262
What is -312523 (base 7) in base 6?
-1052534
What is -5a354 (base 16) in base 13?
-cc246
1515552141 (base 6) to base 4
1020213023131
What is 14572247 (base 8) in base 7?
40245644
23200050 (base 6) to base 16
aea9e
What is -21e4a (base 15) in base 16?
-1a545
Convert -56e09 (base 16) to base 2.
-1010110111000001001
262861 (base 10) to base 15
52d41
What is 75778 (base 10) in base 12?
37a2a
33335455 (base 6) to base 11
629572
12501434 (base 6) to base 2
1100100101101011110
What is 6ca0c (base 13) in base 3?
101010120101
Convert 2626ca (base 14) to base 9.
2421063
Convert -46545037 (base 8) to base 16.
-9aca1f
Convert 1a1586 (base 13) to base 4.
2201021113
234072 (base 8) to base 16
1383a
What is 40815 (base 13) in base 5?
12144424
What is 521514 (base 13) in base 16?
1d3ee6
Convert -36600540 (base 7) to base 5.
-1314341023
36335412 (base 7) to base 3
20002102001100
What is -815023 (base 9) in base 4?
-1311310323
-100010101000000010 (base 2) to base 15
-2c051
44301400 (base 5) to base 13
106098
What is 604655 (base 7) in base 14?
2952c
What is 100010010000001010110 (base 2) in base 8?
4220126
What is -12332171 (base 9) in base 16?
-5c3a7c
-847166 (base 12) to base 2
-111111101010000011110
-1019c (base 15) to base 3
-2120221210
What is -312 (base 8) in base 9?
-244
45055224 (base 6) to base 14
275c2c
Convert -6108c (base 13) to base 14.
-47419
Convert 1871b3 (base 13) to base 8.
2262063
110001101111000111101 (base 2) to base 12
667191
Convert -839815 (base 11) to base 10.
-1345294
Convert -1047232 (base 8) to base 14.
-74c1c
Convert -4b894 (base 15) to base 6.
-5102204
Convert 40402120 (base 5) to base 8.
1173245
Convert -33120102 (base 4) to base 2.
-1111011000010010
What is -1323816 (base 12) in base 11?
-2152222
What is 11142320 (base 5) in base 11?
68a06
Convert -12307577 (base 8) to base 11.
-15a0401
What is 323303201 (base 4) in base 7?
2040113
What is 2001210110221 (base 3) in base 2?
100001100000111101111
What is 73216 (base 9) in base 4?
23302203
Convert -5235435 (base 7) to base 2.
-10011010000011010111
-354663 (base 8) to base 4
-131212303
Convert -60304 (base 16) to base 6.
-12240004
Convert -366027 (base 8) to base 15.
-274d5
Convert -6b064 (base 12) to base 5.
-14043000
a47d4 (base 14) to base 3
202011011101
Convert 154887 (base 14) to base 12.
2b9887
Convert 66c97 (base 14) to base 7.
2056150
What is 1135454 (base 6) in base 11?
40842
-10266332 (base 7) to base 5
-210430131
What is 10cc28b (base 13) in base 5?
2312240413
c9c0 (base 14) to base 16
882c
Convert 44312 (base 14) to base 2.
101000010101111100
Convert 34955 (base 10) to base 16.
888b
Convert 243224032 (base 5) to base 9.
2140568
-21032202